h + 27 = k*r. What is the highest common divisor of r and z?
21
Let m = 36 - 83. Suppose 30 = -20*t - 10. Let a be (-9)/(-18) + m/t. What is the highest common divisor of a and 8?
8
Suppose 21 = 4*f - 4*k - 7, 0 = 2*f + 2*k + 6. Suppose 0 = -0*l - 2*l + 5*u + 4, f*l - u = 20. What is the greatest common divisor of l and 30?
6
Suppose 5*d + 48 = 2*i, 12 = -4*d - 8*i + 3*i. Let f be (-133)/(-9) + d/(-36). Suppose 4*v - 33 + 13 = 0. What is the highest common divisor of v and f?
5
Suppose 3*g - 33 = -d, -2*d = -0*d. Suppose 16*n - 75 = g*n. Suppose 0 = t - 7 + 2. What is the greatest common factor of n and t?
5
Suppose -t = 13 - 18. Suppose -f - 11 = r - 5*r, -r + 5*f = -17. Calculate the greatest common divisor of r and t.
1
Let q(v) = -5*v + 12 + 12*v + 20*v + 4*v. Let t be q(3). What is the greatest common divisor of t and 70?
35
Let x(o) = -1 - 80*o - 1 - 124*o. Let v be x(-1). Suppose -4*k - 2*f = -v, 4*f = -2*k + 6*k - 172. Calculate the greatest common factor of k and 32.
16
Suppose o = 3*m + 20, 11 = 2*o - 3*m - 41. Let f be o/(-12)*(-225)/20. Calculate the highest common factor of f and 15.
15
Suppose 5*u - 1 = 19. Let v be 0/4 + u + 47. What is the greatest common divisor of v and 34?
17
Suppose 3*v - 173 = -20. Let c be 3982/26 - 10/65. Calculate the highest common divisor of v and c.
51
Let m = -90 + 560. What is the highest common factor of m and 20?
10
Suppose -37*s = 1679 - 5453. What is the highest common factor of 153 and s?
51
Let i = 692 + -686. What is the highest common divisor of 834 and i?
6
Let g be (48/10)/(2/(-20)*-3). Let u(n) = 7*n - 12. Let p be u(g). Calculate the highest common divisor of 40 and p.
20
Let v be 6/(-6) + -2 + 0. Let f be (-525)/(-9)*(-9)/v. Suppose -f = -5*o - 55. Calculate the highest common divisor of 36 and o.
12
Suppose 22*f + 3 = 23*f + 4*y, -2*f - 4*y + 22 = 0. What is the highest common factor of f and 361?
19
Let a be 2600/(-32) - 3/4. Let d = -13 - a. What is the highest common factor of 46 and d?
23
Suppose 551 + 1294 = 5*a. What is the greatest common factor of 41 and a?
41
Let r(q) = -q**3 - 37*q**2 + 78*q + 12. Let w be r(-39). Calculate the highest common factor of w and 282.
6
Suppose 13*f = 22*f - 36. Suppose -b + 4 = -8. What is the highest common factor of b and f?
4
Suppose 0*y + 4*y = 96. Suppose -30*d + 31*d = y. Calculate the greatest common divisor of d and 18.
6
Let h(p) = -p**3 + p**2 - 7*p + 80. Let r be h(0). Let d = 36 + -16. What is the greatest common factor of d and r?
20
Let g be 3/(-4)*(1 - (-66)/(-18)). Suppose -4*r - i = -4*i - 35, -26 = -3*r + g*i. Calculate the greatest common factor of r and 12.
4
Suppose 13*k + 811 = 1786. What is the highest common divisor of 555 and k?
15
Let f = 33 + 267. Suppose 0 = 17*b - 12*b - f. Calculate the greatest common divisor of 12 and b.
12
Suppose 157 = 5*r - w, 0 = 2*r - 5*r + 4*w + 84. Calculate the highest common divisor of 8 and r.
8
Suppose 4*a - 4*d + 1 + 3 = 0, 17 = 4*a + 3*d. Suppose 0 = -p + 1 + a. Suppose -5*t - 3 = -18. What is the greatest common divisor of p and t?
3
Suppose 3*h = -3, -5*s - 4*h + 1583 = -513. What is the highest common factor of s and 28?
28
Suppose -5*d - r + 34 = 0, -3*d + 4*r - 5*r = -22. Let t be (-6)/(-21) + (-208)/(-7). What is the highest common factor of d and t?
6
Let u = -29 + 44. Let n = 1 - -2. What is the highest common factor of u and n?
3
Let y = 188 - -67. Calculate the highest common divisor of y and 105.
15
Let z(t) = -2*t**3 - 11*t**2 + t + 10. Let k be z(-7). Calculate the highest common divisor of 50 and k.
50
Suppose 2*f = -3*r + 102, -184 = -4*f - 4*r + 3*r. What is the highest common divisor of f and 261?
9
Suppose 6*n = 334 - 208. Calculate the greatest common divisor of 119 and n.
7
Suppose 190 - 1750 = -39*j. What is the greatest common factor of 460 and j?
20
Suppose 749*l + 2 = 751*l. Calculate the greatest common factor of l and 53.
1
Suppose -85 = -5*v - 5*k, -2*v = 3*v + 3*k - 87. Suppose -5*h - 3*q + 165 = 0, -19 = -h + 3*q + 32. What is the highest common divisor of h and v?
18
Suppose 3*g - 38 = -33*p + 31*p, 0 = 3*p + g - 64. What is the greatest common factor of p and 154?
22
Let p(q) be the second derivative of q**4/12 + 4*q**3/3 + 9*q. Let s be p(-10). What is the greatest common factor of 4 and s?
4
Let i be 25/(-10)*-6*1. Let a be 6/i - 98/(-5). What is the highest common divisor of a and 50?
10
Suppose 0 = 4*c + 4*a - 72, 2*c - 12 - 24 = -5*a. What is the highest common divisor of 162 and c?
18
Suppose z = -2*z + m + 458, -4*m = 3*z - 448. What is the greatest common factor of z and 114?
38
Let y(f) = 9*f + 9. Let z be y(6). Let a(p) = 2*p**2 - p - 3 + 1 - 2*p. Let s be a(3). Calculate the greatest common factor of z and s.
7
Let s be (34/4)/(2/4). Let c be (116/145)/((-2)/(-85)). What is the greatest common factor of c and s?
17
Let x = -100 - -97. Let v be 48*((-35)/(-10) + x). Calculate the greatest common factor of v and 30.
6
Suppose -30 = -j - 107. Let n = j - -87. Calculate the greatest common factor of 2 and n.
2
Let i = -2 + 0. Let d be -6*((-10)/5)/i. Let o be 8/d*(-7 + -32). Calculate the greatest common divisor of o and 78.
26
Suppose -3*z + 516 = -24. Calculate the greatest common divisor of z and 24.
12
Let i(j) = 5*j**2 - 40*j + 25. Let p be i(15). What is the highest common factor of p and 22?
22
Suppose 0 = 5*q - 321 + 91. Let j = -27 + q. Calculate the highest common factor of 152 and j.
19
Let r be (3 - -3)*(-5)/(-2). Let b be r/3 + 6/(-2). Suppose -z + 2 = -b. What is the greatest common factor of z and 44?
4
Let r = 121 + -111. Suppose -6*g - 200 = -r*g. What is the highest common divisor of 25 and g?
25
Let z = 949 + -938. What is the greatest common divisor of 77 and z?
11
Let t = 48 - 24. Let o be (-3 - 30/(-9)) + (-59)/(-3). Suppose 5*j - o = 5*v, 7 - 15 = -2*v. Calculate the highest common divisor of t and j.
8
Suppose -l + 6*l - 230 = -2*a, 0 = -l - a + 43. Let v = 32 - 16. Calculate the highest common divisor of v and l.
16
Let m = 197 + -163. Let c be (1/2)/((-1)/(-272)). Calculate the greatest common factor of c and m.
34
Suppose 2*j - 262 - 452 = 0. Let i = -168 + j. Calculate the highest common factor of i and 21.
21
Suppose -15*d = -17*d + 6. What is the greatest common divisor of 12 and d?
3
Suppose -28*h + 51 = -27*h. Let r(d) = d + 17. Let k be r(0). What is the greatest common divisor of k and h?
17
Let k be 1388/7 + (-13)/((-1092)/(-24)). Calculate the highest common divisor of 9 and k.
9
Let i = -7 + 8. Let r be i/(-3)*3*-141. What is the greatest common factor of 94 and r?
47
Suppose 30 = -6*i + 11*i. Calculate the greatest common divisor of 24 and i.
6
Let w(g) = 62*g**2 + g - 2. Let n be w(2). Calculate the greatest common factor of 8 and n.
8
Suppose -5*p + 5 = -5. Suppose -p*s + 1 = -1. Suppose 0 = z - 0*u + 3*u - 16, 0 = -5*u + 25. What is the highest common divisor of s and z?
1
Suppose -2*d + 15 - 7 = 0. Suppose 0 = -d*w - 0*w + 80. What is the greatest common divisor of 4 and w?
4
Suppose -2*w + 3*w - 4*m = -16, -12 = -3*w - 3*m. Let g be (3 + 0)/3 + w. Let f be 13 + -9 - (-43 - g). Calculate the highest common factor of 6 and f.
6
Let w be 40/12*18/10. Suppose w = 4*k + 3*p, 3*p - 7 + 1 = 4*k. Suppose k*d + 6 = d. What is the highest common factor of d and 30?
6
Suppose -4*i + 150 = 3*z - 210, -3*i = 3*z - 270. Suppose -474 = -4*n - i. Let v = 121 - 89. What is the greatest common divisor of n and v?
32
Suppose w - 7*w + 480 = 0. Suppose u + 92 = 3*y, -4*y = -4*u + 2*u - 120. Calculate the highest common divisor of w and y.
16
Let n be (45/25)/((-1)/(-10)). Calculate the highest common divisor of n and 171.
9
Let y be 3/6 - (-95)/10. Let o(r) be the third derivative of -r**4/4 - r**3 + 2*r**2. Let j be o(-6). Calculate the greatest common factor of j and y.
10
Let y be ((-72)/16 + 6)*40/15. Calculate the greatest common divisor of y and 7.
1
Suppose 0 = -5*q + 6 + 4. Suppose q*o + r = 26, 3*o + 5*r + 3 - 28 = 0. Let d = 348 + -213. What is the highest common factor of o and d?
15
Let q(g) = g**3 - 3*g**2 - 18*g + 2. Let j be q(6). Suppose 0 = -j*x - 71 + 357. Calculate the highest common factor of x and 11.
11
Let u be 4 + (0 - 1) - (-535 - -348). Calculate the highest common divisor of 285 and u.
95
Let 